3382?
3
What is the ten thousands digit of 246356?
4
What is the millions digit of 1743936?
1
What is the ten millions digit of 11415604?
1
What is the thousands digit of 17399953?
9
What is the ten thousands digit of 301798?
0
What is the ten thousands digit of 1859216?
5
What is the tens digit of 1691483?
8
What is the ten millions digit of 15356839?
1
What is the thousands digit of 13377958?
7
What is the tens digit of 289476?
7
What is the thousands digit of 247015?
7
What is the hundreds digit of 920849?
8
What is the thousands digit of 1676333?
6
What is the hundred thousands digit of 1315399?
3
What is the hundreds digit of 45352?
3
What is the ten thousands digit of 5118538?
1
What is the units digit of 424420?
0
What is the ten millions digit of 27888527?
2
What is the units digit of 24960?
0
What is the units digit of 119696?
6
What is the units digit of 7902117?
7
What is the hundred thousands digit of 3909505?
9
What is the ten thousands digit of 508878?
0
What is the hundred thousands digit of 8408212?
4
What is the hundred thousands digit of 1694794?
6
What is the thousands digit of 27474714?
4
What is the hundreds digit of 2245245?
2
What is the thousands digit of 6577?
6
What is the hundred thousands digit of 9838939?
8
What is the hundred thousands digit of 757293?
7
What is the units digit of 648974?
4
What is the hundreds digit of 1316844?
8
What is the ten thousands digit of 10580356?
8
What is the ten thousands digit of 9246394?
4
What is the units digit of 1721349?
9
What is the hundred thousands digit of 1483712?
4
What is the units digit of 4569529?
9
What is the hundred thousands digit of 190025?
1
What is the ten thousands digit of 1427117?
2
What is the hundred thousands digit of 454761?
4
What is the thousands digit of 94724?
4
What is the tens digit of 423037?
3
What is the hundred thousands digit of 7662703?
6
What is the hundred thousands digit of 143631?
1
What is the millions digit of 13612806?
3
What is the hundred thousands digit of 1869161?
8
What is the hundred thousands digit of 616973?
6
What is the units digit of 3327952?
2
What is the tens digit of 23284812?
1
What is the millions digit of 27866546?
7
What is the ten millions digit of 39425689?
3
What is the ten thousands digit of 7468804?
6
What is the units digit of 176090?
0
What is the hundreds digit of 853073?
0
What is the hundreds digit of 24042?
0
What is the thousands digit of 1432911?
2
What is the hundred thousands digit of 6825655?
8
What is the millions digit of 1131558?
1
What is the tens digit of 778388?
8
What is the thousands digit of 174287?
4
What is the hundred thousands digit of 5649163?
6
What is the hundreds digit of 121258?
2
What is the tens digit of 7168056?
5
What is the hundred thousands digit of 22328178?
3
What is the millions digit of 2418555?
2
What is the units digit of 23575613?
3
What is the hundreds digit of 536972?
9
What is the tens digit of 734912?
1
What is the hundred thousands digit of 3216822?
2
What is the hundreds digit of 7269383?
3
What is the millions digit of 1882738?
1
What is the tens digit of 53372?
7
What is the thousands digit of 589544?
9
What is the thousands digit of 571000?
1
What is the hundreds digit of 1322497?
4
What is the units digit of 5784325?
5
What is the tens digit of 576212?
1
What is the thousands digit of 68411?
8
What is the units digit of 22019499?
9
What is the tens digit of 3142608?
0
What is the units digit of 281489?
9
What is the ten thousands digit of 3961453?
6
What is the hundred thousands digit of 2104625?
1
What is the millions digit of 19806630?
9
What is the tens digit of 1602500?
0
What is the tens digit of 357429?
2
What is the tens digit of 8739892?
9
What is the thousands digit of 673607?
3
What is the thousands digit of 16242030?
2
What is the hundred thousands digit of 533566?
5
What is the ten thousands digit of 2732661?
3
What is the ten thousands digit of 67130?
6
What is the ten thousands digit of 1473520?
7
What is the thousands digit of 19732?
9
What is the units digit of 1610025?
5
What is the thousands digit of 1857219?
7
What is the thousands digit of 1053923?
3
What is the tens digit of 264935?
3
What is the millions digit of 5434016?
5
What is the hundred thousands digit of 1717641?
7
What is the thousands digit of 255812?
5
What is the millions digit of 1455812?
1
What is the tens digit of 1183320?
2
What is the millions digit of 1381403?
1
What is the millions digit of 33747281?
3
What is the ten thousands digit of 177258?
7
What is the millions digit of 29922243?
9
What is the units digit of 3133436?
6
What is the tens digit of 1211046?
4
What is the ten thousands digit of 16035327?
3
What is the tens digit of 33021359?
5
What is the ten millions digit of 11183350?
1
What is the tens digit of 9746520?
2
What is the tens digit of 58401?
0
What is the hundred thousands digit of 313018?
3
What is the hundred thousands digit of 349728?
3
What is the hundreds digit of 21854178?
1
What is the thousands digit of 213068?
3
What is the thousands digit of 350339?
0
What is the ten thousands digit of 4354246?
5
What is the thousands digit of 17871204?
1
What is the units digit of 716982?
2
What is the hundreds digit of 1135133?
1
What is the units digit of 353038?
8
What is the hundred thousands digit of 446456?
4
What is the tens digit of 8396106?
0
What is the hundred thousands digit of 266776?
2
What is the hundred thousands digit of 1034596?
0
What is the tens digit of 1794236?
3
What is the thousands digit of 2895494?
5
What is the hundreds digit of 174843?
8
What is the units digit of 430808?
8
What is the hundreds digit of 2043138?
1
What is the hundred thousands digit of 7949548?
9
What is the tens digit of 68531?
3
What is the ten thousands digit of 1736540?
3
What is the units digit of 26812372?
2
What is the tens digit of 12521836?
3
What is the hundred thousands digit of 536381?
5
What is the units digit of 17386?
6
What is the tens digit of 187676?
7
What is the hundreds digit of 1103788?
7
What is the hundred thousands digit of 191785?
1
What is the thousands digit of 444071?
4
What is the hundreds digit of 20334?
3
What is the units digit of 17041?
1
What is the hundred thousands digit of 6168797?
1
What is the units digit of 204333?
3
What is the hundreds digit of 499612?
6
What is the tens digit of 2787592?
9
What is the hundred thousands digit of 308101?
3
What is the ten thousands digit of 9146694?
4
What is the thousands digit of 1200395?
0
What is the hundred thousands digit of 622067?
6
What is the hundreds digit of 838352?
3
What is the thousands digit of 1622427?
2
What is the units digit of 253182?
2
What is the thousands digit of 572707?
2
What is the units digit of 7491074?
4
What is the tens digit of 5312234?
3
What is the hundred thousands digit of 168475?
1
What is the hundred thousands digit of 5590963?
5
What is the hundred thousands digit of 101410?
1
What is the hundreds digit of 575802?
8
What is the hundreds digit of 1805888?
8
What is the tens digit of 1589551?
5
What is the ten thousands digit of 274545?
7
What is the hundred thousands digit of 2440843?
4
What is the hundred thousands digit of 1768548?
7
What is the ten thousands digit of 12997274?
9
What is the hundred thousands digit of 180132?
1
What is the hundreds digit of 127018?
0
What is the tens digit of 98133?
3
What is the units digit of 110297?
7
What is the hundred thousands digit of 21038977?
0
What is the ten thousands digit of 343712?
4
What is the ten thousands digit of 2668111?
6
What is the ten thousands digit of 461518?
6
What is the tens digit of 431191?
9
What is the tens digit of 1490995?
9
What is the tens digit of 1213381?
8
What is the ten thousands digit of 77484?
7
What is the hundred thousands digit of 392449?
3
What is the hundreds digit of 1696505?
5
What is the hundreds digit of 1132470?
4
What is the thousands digit of 221672?
1
What is the hundreds digit of 21802219?
2
What is the hundred thousands digit of 426716?
4
What is the hundreds digit of 259484?
4
What is the thousands digit of 705230?
5
What is the tens digit of 139755?
5
What is the tens digit of 32590111?
1
What is the thousands digit of 471171?
1
What is the thousands dig